 divided by 11?
9
What is the remainder when 1376227 is divided by 4542?
1
What is the remainder when 578940 is divided by 3911?
112
Calculate the remainder when 17455679 is divided by 199.
195
Calculate the remainder when 903958 is divided by 147.
55
What is the remainder when 43401 is divided by 8589?
456
What is the remainder when 36529491 is divided by 417?
291
Calculate the remainder when 15824616 is divided by 140.
136
What is the remainder when 1425884 is divided by 228?
200
Calculate the remainder when 1804135 is divided by 394.
9
What is the remainder when 3956594 is divided by 4401?
95
Calculate the remainder when 3745756 is divided by 344.
284
Calculate the remainder when 3837912 is divided by 691.
98
What is the remainder when 1113915 is divided by 107?
45
What is the remainder when 401034 is divided by 1627?
792
What is the remainder when 7131530 is divided by 106440?
50
What is the remainder when 296566967 is divided by 38?
33
What is the remainder when 26691 is divided by 8226?
2013
Calculate the remainder when 5724225 is divided by 1908061.
42
What is the remainder when 3036746 is divided by 24?
2
Calculate the remainder when 1073473 is divided by 461.
265
What is the remainder when 25520841 is divided by 192?
9
What is the remainder when 307374 is divided by 301?
53
What is the remainder when 77041 is divided by 2207?
2003
What is the remainder when 16962256 is divided by 1190?
1186
Calculate the remainder when 19886458 is divided by 22.
20
Calculate the remainder when 31112640 is divided by 101.
95
Calculate the remainder when 2214407 is divided by 2560.
7
What is the remainder when 311691 is divided by 2490?
441
Calculate the remainder when 222576 is divided by 300.
276
Calculate the remainder when 207947 is divided by 5969.
5001
What is the remainder when 4212851 is divided by 6762?
125
Calculate the remainder when 47016 is divided by 39881.
7135
Calculate the remainder when 158934 is divided by 2093.
1959
Calculate the remainder when 145178 is divided by 2166.
56
Calculate the remainder when 32606 is divided by 1929.
1742
What is the remainder when 1834099 is divided by 329?
253
What is the remainder when 4508321 is divided by 4508305?
16
Calculate the remainder when 17861 is divided by 588.
221
What is the remainder when 12756211 is divided by 24?
19
Calculate the remainder when 8004 is divided by 385.
304
What is the remainder when 2123407 is divided by 707798?
13
Calculate the remainder when 4353912 is divided by 4315.
77
Calculate the remainder when 178234 is divided by 118.
54
Calculate the remainder when 300342 is divided by 50057.
0
What is the remainder when 133283 is divided by 200?
83
Calculate the remainder when 99210398 is divided by 178.
140
What is the remainder when 17362810 is divided by 9561?
34
Calculate the remainder when 1781297 is divided by 1544.
1065
What is the remainder when 2078932 is divided by 29?
9
What is the remainder when 928218 is divided by 50?
18
Calculate the remainder when 20285484 is divided by 501.
495
Calculate the remainder when 2070663 is divided by 24.
15
What is the remainder when 30853351 is divided by 462?
67
Calculate the remainder when 19504666 is divided by 114.
64
Calculate the remainder when 405783 is divided by 1491.
231
Calculate the remainder when 19292 is divided by 4161.
2648
Calculate the remainder when 182758396 is divided by 20.
16
Calculate the remainder when 345914 is divided by 3089.
3035
Calculate the remainder when 9542908 is divided by 2708.
2624
What is the remainder when 69238 is divided by 2346?
1204
Calculate the remainder when 3916434 is divided by 2238.
2172
What is the remainder when 10437819 is divided by 54?
51
Calculate the remainder when 4127596 is divided by 4127541.
55
Calculate the remainder when 12998 is divided by 3883.
1349
What is the remainder when 526191 is divided by 207?
204
What is the remainder when 183976 is divided by 552?
160
Calculate the remainder when 9648845 is divided by 22.
19
What is the remainder when 12314 is divided by 5470?
1374
Calculate the remainder when 69094712 is divided by 11515783.
14
What is the remainder when 172783 is divided by 5754?
163
Calculate the remainder when 2412386 is divided by 150770.
66
What is the remainder when 62310 is divided by 10374?
66
What is the remainder when 28858148 is divided by 433?
430
Calculate the remainder when 1571985 is divided by 4735.
4700
Calculate the remainder when 91428 is divided by 4800.
228
What is the remainder when 2335906 is divided by 2713?
13
Calculate the remainder when 5185002 is divided by 1320.
42
What is the remainder when 1070595 is divided by 841?
2
Calculate the remainder when 30425 is divided by 658.
157
What is the remainder when 3236827 is divided by 151?
142
What is the remainder when 17357547 is divided by 915?
912
Calculate the remainder when 919333 is divided by 1231.
1007
Calculate the remainder when 18849877 is divided by 2605.
97
Calculate the remainder when 467370 is divided by 38.
8
What is the remainder when 10031 is divided by 389?
306
Calculate the remainder when 114119 is divided by 57056.
7
What is the remainder when 656632 is divided by 1489?
1472
What is the remainder when 3373709 is divided by 16?
13
Calculate the remainder when 515100 is divided by 10512.
12
Calculate the remainder when 633497 is divided by 5420.
4777
What is the remainder when 18146390 is divided by 786?
8
Calculate the remainder when 357468 is divided by 497.
125
What is the remainder when 82504724 is divided by 49?
43
What is the remainder when 343913 is divided by 222?
35
Calculate the remainder when 7233750 is divided by 18267.
18
What is the remainder when 1075845 is divided by 358611?
12
What is the remainder when 5552953 is divided by 1387940?
1193
What is the remainder when 55577 is divided by 817?
21
What is the remainder when 82891 is divided by 7512?
259
What is the remainder when 355704 is divided by 135?
114
Calculate the remainder when 730402 is divided by 808.
778
Calculate the remainder when 377476 is divided by 854.
8
What is the remainder when 2971195 is divided by 1568?
1403
What is the remainder when 7659922 is divided by 4?
2
What is the remainder when 15816785 is divided by 487?
486
Calculate the remainder when 9272777 is divided by 24.
17
Calculate the remainder when 525819 is divided by 513.
507
Calculate the remainder when 483466 is divided by 483413.
53
What is the remainder when 809019 is divided by 202226?
115
Calculate the remainder when 278233 is divided by 46353.
115
What is the remainder when 11003 is divided by 9682?
1321
What is the remainder when 486369 is divided by 4714?
827
What is the remainder when 21416 is divided by 4222?
306
Calculate the remainder when 244046 is divided by 40460.
1286
What is the remainder when 8151828 is divided by 741062?
146
What is the remainder when 48835642 is divided by 298?
296
Calculate the remainder when 154134 is divided by 51357.
63
What is the remainder when 4178950 is divided by 1392983?
1
Calculate the remainder when 4757968 is divided by 68956.
4
What is the remainder when 461871 is divided by 65965?
116
Calculate the remainder when 267316 is divided by 16706.
20
Calculate the remainder when 236821 is divided by 78631.
928
Calculate the remainder when 23704 is divided by 2804.
1272
Calculate the remainder when 5258940 is divided by 582.
570
Calculate the remainder when 142358291 is divided by 217.
215
What is the remainder when 21263041 is divided by 5288?
5281
Calculate the remainder when 739004 is divided by 246329.
17
What is the remainder when 7012405 is divided by 179794?
439
Calculate the remainder when 2440682 is divided by 5106.
14
Calculate the remainder when 1834499 is divided by 917244.
11
Calculate the remainder when 194140858 is divided by 77.
65
What is the remainder when 411192 is divided by 337?
52
Calculate the remainder when 406628298 is divided by 1670.
1668
What is the remainder when 2258658 is divided by 199?
8
What is the remainder when 76493 is divided by 15268?
153
Calculate the remainder when 14733 is divided by 208.
173
What is the remainder when 17818219 is divided by 2222?
1
Calculate the remainder when 932102 is divided by 5243.
4091
What is the remainder when